{"id":2,"date":"2015-02-19T12:22:05","date_gmt":"2015-02-19T12:22:05","guid":{"rendered":"http:\/\/musikwirtschaftsforschung.de\/wordpress\/?page_id=2"},"modified":"2025-10-30T06:48:46","modified_gmt":"2025-10-30T06:48:46","slug":"beispiel-seite","status":"publish","type":"page","link":"https:\/\/musikwirtschaftsforschung.de\/?page_id=2","title":{"rendered":"\u00dcber die GMM"},"content":{"rendered":"\n<p>Die Gesellschaft f\u00fcr Musikwirtschafts- und Musikkulturforschung wurde 2014 als gemeinn\u00fctziger Verein in Porto gegr\u00fcndet. Sie ist die erste Vereinigung, die das Feld der Musikwirtschaftsforschung interdisziplin\u00e4r und \u00fcber akademische Grenzen hinweg in Deutschland vertritt. Die GMM ist hervorgegangen aus der Vernetzung junger und etablierter Forscherinnen und Forscher unterschiedlicher Disziplinen und steht allen an der akademischen Auseinandersetzung mit Musikwirtschaft und Musikkultur Interessierten offen.<\/p>\n\n\n\n<p>Die GMM betreibt zum Zwecke der allgemeinen und beruflichen Bildung die F\u00f6rderung der Musikwirtschafts- und Musikkulturforschung, den Austausch und die Kooperation zwischen Studieng\u00e4ngen mit thematischem Bezug sowie die F\u00f6rderung der Diskussion und Kooperation zwischen Wissenschaft, Kunst, Kritik und Praxis. Diese Ziele sollen insbesondere durch regelm\u00e4\u00dfige Veranstaltungen zur Musikwirtschafts- und Musikkulturforschung verfolgt werden.<\/p>\n\n\n\n<h2>Stakeholder und Mitglieder der GMM<\/h2>\n\n\n\n<p>Als inter- und transdisziplin\u00e4re Gesellschaft ist die GMM ein Zusammenschluss aus unterschiedlichen Stakeholdern der Musikwirtschafts- und Musikkulturforschung. Dazu geh\u00f6rend WissenschaftlerInnen, Industrieakteure, JournalistInnen, Kunst- und Musikschaffende, Studierendende etc. Diese heterogene Zusammensetzung wird als Schl\u00fcsselelement des Vereins betrachtet, das gleichzeitig die G\u00fcte und Relevanz der Aktivit\u00e4ten der GMM sichert sowie die Teilhabem\u00f6glichkeiten aller relevanten Parteien zwischen Forschung, Ausbildung und Praxis garantiert.<\/p>\n\n\n\n<hr class=\"wp-block-separator\"\/>\n\n\n\n<h2>Vorstand<\/h2>\n\n\n\n<div style=\"height:20px\" aria-hidden=\"true\" class=\"wp-block-spacer\"><\/div>\n\n\n\n<div class=\"wp-block-image\"><figure class=\"alignleft size-large\"><img loading=\"lazy\" width=\"210\" height=\"140\" src=\"http:\/\/musikwirtschaftsforschung.de\/wordpress\/wp-content\/uploads\/2020\/12\/grafik-2.png\" alt=\"Copyright Aileen Rogge\" class=\"wp-image-835\"\/><figcaption><strong>Prof. Dr. Barbara Hornberger <\/strong><br><strong>(1. Vorsitzende)<\/strong><\/figcaption><\/figure><\/div>\n\n\n\n<p><strong>Barbara Hornberger<\/strong>, Prof. Dr. phil., (*1970) studierte Diplom-Kulturp\u00e4dagogik an der Universit\u00e4t Hildesheim mit der F\u00e4cherkombination Musik, Literatur\/Theater\/Medien, Politische Wissenschaften und Psychologie. Sie hat 5 Jahre am Stadttheater Hildesheim gearbeitet und war wissenschaftliche Mitarbeiterin an der Universit\u00e4t Hildesheim in der Abteilung Popul\u00e4re Kultur. Von 2016 bis 2022 war sie Professorin f\u00fcr die Didaktik popul\u00e4rer Musik an der Hochschule Osnabr\u00fcck. Seit 2022 ist sie Professorin f\u00fcr Musikwissenschaft an der Bergischen Universit\u00e4t Wuppertal.<\/p>\n\n\n\n<p>Ihre Schwerpunkte in Forschung und Lehre sind transdisziplin\u00e4re Forschung zu popul\u00e4rer Musik; Musik, Performativit\u00e4t und Inszenierung; Kulturgeschichte popul\u00e4rer Musik; Didaktik des Popul\u00e4ren \/ Popul\u00e4re Musik und Kulturelle Bildung sowie Popul\u00e4re Musik und Digitalit\u00e4t.<\/p>\n\n\n\n<div class=\"wp-block-group\"><div class=\"wp-block-group__inner-container\">\n<div class=\"wp-block-image\"><figure class=\"alignleft size-large is-resized\"><img loading=\"lazy\" src=\"https:\/\/musikwirtschaftsforschung.de\/wordpress\/wp-content\/uploads\/2023\/04\/svenja-reiner-835x1280-500x.jpg\" alt=\"\" class=\"wp-image-920\" width=\"185\" height=\"283\" srcset=\"https:\/\/musikwirtschaftsforschung.de\/wordpress\/wp-content\/uploads\/2023\/04\/svenja-reiner-835x1280-500x.jpg 500w, https:\/\/musikwirtschaftsforschung.de\/wordpress\/wp-content\/uploads\/2023\/04\/svenja-reiner-835x1280-500x-196x300.jpg 196w\" sizes=\"(max-width: 185px) 100vw, 185px\" \/><figcaption><strong>Svenja Reiner (2. Vorsitzende)<\/strong> <br>(c) Anna Siggelkow<\/figcaption><\/figure><\/div>\n\n\n\n<p><strong>Svenja Reiner&nbsp;<\/strong>schreibt, denkt und forscht&nbsp;\u00fcber Literaturpolitik, Kulturwissenschaften, Pop&nbsp;und Fans. Sie studierte&nbsp;Anglistik\/Amerikanistik, Wirtschaftswissenschaften (B.A.), Internationales&nbsp;Kunstmanagement&nbsp;(M.A.) sowie Musikwissenschaften (M.A.). Zur Zeit arbeitet sie an ihrer&nbsp;Promotion \u00fcber Fans in der Neuen Musik bzw. Hochkultur (Universit\u00e4t Siegen \/&nbsp;Hochschule&nbsp;Osnabr\u00fcck) und leitet das Forschungsprojekt Literarisches Forum f\u00fcr feministische&nbsp;Stimmen in K\u00f6ln.&nbsp;Svenja Reiner war wissenschaftliche Mitarbeiterin am Institut&nbsp;f\u00fcr Musik (Osnabr\u00fcck) und am Institut&nbsp;f\u00fcr Kulturpolitik (Bonn). Sie lehrte an&nbsp;der Universit\u00e4t K\u00f6ln, Universit\u00e4t M\u00fcnster, HfMT K\u00f6ln,&nbsp;Medienakademie Dortmund&nbsp;sowie der Hochschule Osnabr\u00fcck. Zudem verdient sie Geld als&nbsp;freiberufliche Wissenschaftlerin,&nbsp;Literaturkuratorin und Moderatorin in K\u00f6ln.&nbsp;Svenja Reiner&nbsp;wurde mit M\u00fcnchner F\u00f6rderpreis f\u00fcr deutschsprachige Dramatik 2016 und dem&nbsp;F\u00f6rderpreis&nbsp;der Gesellschaft f\u00fcr Popularmusikforschung e.V. ausgezeichnet.<br><\/p>\n\n\n\n<p><\/p>\n\n\n\n<div class=\"wp-block-image\"><figure class=\"alignleft size-large is-resized\"><img loading=\"lazy\" src=\"https:\/\/musikwirtschaftsforschung.de\/wordpress\/wp-content\/uploads\/2024\/12\/N-Ruth-Foto-768x1024.jpg\" alt=\"\" class=\"wp-image-1001\" width=\"185\" height=\"246\" srcset=\"https:\/\/musikwirtschaftsforschung.de\/wordpress\/wp-content\/uploads\/2024\/12\/N-Ruth-Foto-768x1024.jpg 768w, https:\/\/musikwirtschaftsforschung.de\/wordpress\/wp-content\/uploads\/2024\/12\/N-Ruth-Foto-225x300.jpg 225w, https:\/\/musikwirtschaftsforschung.de\/wordpress\/wp-content\/uploads\/2024\/12\/N-Ruth-Foto-1152x1536.jpg 1152w, https:\/\/musikwirtschaftsforschung.de\/wordpress\/wp-content\/uploads\/2024\/12\/N-Ruth-Foto-1536x2048.jpg 1536w, https:\/\/musikwirtschaftsforschung.de\/wordpress\/wp-content\/uploads\/2024\/12\/N-Ruth-Foto-scaled.jpg 1920w\" sizes=\"(max-width: 185px) 100vw, 185px\" \/><figcaption><strong>Prof. Dr. Nicolas Ruth (Schatzmeister)<\/strong><\/figcaption><\/figure><\/div>\n\n\n\n<p><strong><strong>Nicolas Ruth, Prof. Dr. phil.,<\/strong><\/strong> Jahrgang 1986, ist Professor f\u00fcr Digitale Kommunikation in der Musik- und Entertainmentindustrie an der Hochschule f\u00fcr Musik und Theater M\u00fcnchen. Er leitet den Master of Arts-Studiengang \u201eDigitale Kommunikation in der Musik- und Entertainmentindustrie\u201c, den er ebenfalls in Forschung und Lehre vertritt. Davor war er von 2021 bis 2022 Vertretungsprofessor f\u00fcr Systematische Musikwissenschaft an der Universit\u00e4t Hamburg. Von 2019 bis 2021 war er PostDoc Research Fellow am Department of Psychology des Goldsmiths College, University of London. Im Mai 2019 erhielt er ein Feodor-Lynen-Stipendium der Alexander von Humboldt-Stiftung, das seine Stelle in London finanzierte. Davor war er von 2012 bis 2019 wissenschaftlicher Mitarbeiter am Institut Mensch-Computer Medien (Arbeitsbereich: Medien- und Wirtschaftskommunikation) der Julius-Maximilians-Universit\u00e4t W\u00fcrzburg. Er studierte Musikwissenschaft an der Justus-Liebig-Universit\u00e4t Gie\u00dfen sowie Popul\u00e4re Musik und Medien&nbsp;(Musik-, Medien- und Wirtschaftswissenschaft) an der Universit\u00e4t der Informationsgesellschaft Paderborn. Praktische Erfahrungen sammelte er im Event-Management, im Radio und als Musiker. 2018 promovierte er zum Thema Repr\u00e4sentation und Wirkung prosozialer Musik. Nicolas Ruth ist im Editorial Board von \u201eMusicae Scientiae\u201c und als u. a. Reviewer f\u00fcr Fachjournals wie \u201ePsychology of Music\u201c sowie \u201eInternational Journal of Psychology\u201c t\u00e4tig. Seine Schwerpunkte in Forschung und Lehre liegen in den Bereichen Musikpsychologie und -management.<br><\/p>\n<\/div><\/div>\n\n\n\n<p><\/p>\n\n\n\n<div class=\"wp-block-image\"><figure class=\"alignleft is-resized\"><img loading=\"lazy\" src=\"http:\/\/musikwirtschaftsforschung.de\/wordpress\/wp-content\/uploads\/2019\/07\/CWinter-e1425382072435-137x150.jpg\" alt=\"\" class=\"wp-image-710\" width=\"150\" height=\"165\"\/><figcaption><strong>Prof. Dr. Carsten Winter (Erweiterter Vorstand)<\/strong><\/figcaption><\/figure><\/div>\n\n\n\n<p><strong>Carsten Winter<\/strong>, Univ-Prof. Dr. phil. habil.,<strong> <\/strong>(*1966) ist promovierter Kulturwissenschaftler (2004) und habilitierter Medien- und Kommunikationswissenschaftler (2007). Er ist seit Herbst 2007 Universit\u00e4ts-Professor f\u00fcr Medien- und Musikmanagement (IJK) an der Hochschule f\u00fcr Musik, Theater und Medien Hannover und dort derzeit Studiendekan f\u00fcr alle wissenschaftlichen F\u00e4cher der Hochschule sowie Sprecher des Masterprogramms \u201eMedien und Musik\u201c mit dem Fokus auf empirische Methoden, Forschung und Strategisches Management. Er erforscht und entwickelt historisch und systematisch vergleichend digitale Strategien und Taktiken von und f\u00fcr alte und neue Akteur*innen der Musik- und Medien\u00f6konomie. Wissenschaftsorganisatorisch trug er in den letzten zehn Jahren zur Entwicklung des Forschungsfeldes der Musikwirtschafts- und Musikkulturforschung durch neue Strukturen und Formate bei. Er war an der Gr\u00fcndung der GMM in Porto beteiligt, hat das International Journal of Music Business Research (IJMBR) mitgegr\u00fcndet, war Initiator des Young Scholars Research Day auf den internationalen Musikwirtschaftstagen in Wien und Mitgr\u00fcnder von drei wiss. Buchreihen zur Musikwirtschafts- und Musikkulturforschung&nbsp; Musikwirtschaftsforschung (zwei nationale und eine internationale). Bisher hat er mehr 20 B\u00fccher und 80 Artikel ver\u00f6ffentlicht. Aktuelle Schwerpunkte seiner Forschung sind neu institutionalisierte Musiknetzwerke, Musikst\u00e4dte, (Agency-)Musikfestivals mit Showcase-Events und Konferenzen, und neue Wirtschaftsakteur*innen wie insbesondere Soloselbst\u00e4ndige als Treiber der Transformation der Musik- und Medienwirtschaft.&nbsp;<\/p>\n\n\n\n<div style=\"height:20px\" aria-hidden=\"true\" class=\"wp-block-spacer\"><\/div>\n\n\n\n<hr class=\"wp-block-separator\"\/>\n\n\n\n<h2>Beirat<\/h2>\n\n\n\n<ul><li>Sina-Mareike Hensel<\/li><li>Olaf &#8222;Gemse&#8220; Kretschmar<\/li><li>Hanni Liang<\/li><li>Dr. Matthias Rauch<\/li><\/ul>\n\n\n\n<div style=\"height:20px\" aria-hidden=\"true\" class=\"wp-block-spacer\"><\/div>\n\n\n\n<hr class=\"wp-block-separator\"\/>\n\n\n\n<h2>Gesch\u00e4ftsf\u00fchrung<\/h2>\n\n\n\n<div class=\"wp-block-image\"><figure class=\"alignleft size-large is-resized\"><img loading=\"lazy\" src=\"https:\/\/musikwirtschaftsforschung.de\/wordpress\/wp-content\/uploads\/2023\/04\/Franziska.Schoch-22-1-1024x683.jpg\" alt=\"\" class=\"wp-image-930\" width=\"218\" height=\"145\" srcset=\"https:\/\/musikwirtschaftsforschung.de\/wordpress\/wp-content\/uploads\/2023\/04\/Franziska.Schoch-22-1-1024x683.jpg 1024w, https:\/\/musikwirtschaftsforschung.de\/wordpress\/wp-content\/uploads\/2023\/04\/Franziska.Schoch-22-1-300x200.jpg 300w, https:\/\/musikwirtschaftsforschung.de\/wordpress\/wp-content\/uploads\/2023\/04\/Franziska.Schoch-22-1-768x512.jpg 768w, https:\/\/musikwirtschaftsforschung.de\/wordpress\/wp-content\/uploads\/2023\/04\/Franziska.Schoch-22-1-1536x1024.jpg 1536w, https:\/\/musikwirtschaftsforschung.de\/wordpress\/wp-content\/uploads\/2023\/04\/Franziska.Schoch-22-1-2048x1365.jpg 2048w\" sizes=\"(max-width: 218px) 100vw, 218px\" \/><figcaption><strong>Franziska Schoch (Gesch\u00e4ftsf\u00fchrerin)<\/strong><\/figcaption><\/figure><\/div>\n\n\n\n<p>Franziska Schoch, M.A. (1995) ist Projektleiterin mit dem Schwerpunkt Musik beim kreHtiv Netzwerk Hannover e.V. Ihren Masterabschluss absolvierte sie im Juli 2022 im Bereich Medien und Musik am Institut f\u00fcr Journalistik und Kommunikationsforschung der Hochschule f\u00fcr Musik, Theater und Medien Hannover. Sie studierte au\u00dferdem Musikwissenschaft und Volkswirtschaftslehre (B.A.) an der Albert Ludwigs Universit\u00e4t Freiburg.<\/p>\n","protected":false},"excerpt":{"rendered":"<p>Die Gesellschaft f\u00fcr Musikwirtschafts- und Musikkulturforschung wurde 2014 als gemeinn\u00fctziger Verein in Porto gegr\u00fcndet. Sie ist die erste Vereinigung, die das Feld der Musikwirtschaftsforschung interdisziplin\u00e4r und \u00fcber akademische Grenzen hinweg in Deutschland vertritt. Die GMM ist hervorgegangen aus der Vernetzung junger und etablierter Forscherinnen und Forscher unterschiedlicher Disziplinen und steht allen an der akademischen Auseinandersetzung [&hellip;]<\/p>\n","protected":false},"author":1,"featured_media":0,"parent":0,"menu_order":0,"comment_status":"closed","ping_status":"open","template":"","meta":{"spay_email":""},"aioseo_notices":[],"_links":{"self":[{"href":"https:\/\/musikwirtschaftsforschung.de\/index.php?rest_route=\/wp\/v2\/pages\/2"}],"collection":[{"href":"https:\/\/musikwirtschaftsforschung.de\/index.php?rest_route=\/wp\/v2\/pages"}],"about":[{"href":"https:\/\/musikwirtschaftsforschung.de\/index.php?rest_route=\/wp\/v2\/types\/page"}],"author":[{"embeddable":true,"href":"https:\/\/musikwirtschaftsforschung.de\/index.php?rest_route=\/wp\/v2\/users\/1"}],"replies":[{"embeddable":true,"href":"https:\/\/musikwirtschaftsforschung.de\/index.php?rest_route=%2Fwp%2Fv2%2Fcomments&post=2"}],"version-history":[{"count":54,"href":"https:\/\/musikwirtschaftsforschung.de\/index.php?rest_route=\/wp\/v2\/pages\/2\/revisions"}],"predecessor-version":[{"id":1017,"href":"https:\/\/musikwirtschaftsforschung.de\/index.php?rest_route=\/wp\/v2\/pages\/2\/revisions\/1017"}],"wp:attachment":[{"href":"https:\/\/musikwirtschaftsforschung.de\/index.php?rest_route=%2Fwp%2Fv2%2Fmedia&parent=2"}],"curies":[{"name":"wp","href":"https:\/\/api.w.org\/{rel}","templated":true}]}}